
True
Is 1238302 a multiple of 1261?
True
Is 105 a factor of 212730?
True
Is 158015 a multiple of 8?
False
Is 12977454 a multiple of 1193?
True
Does 448 divide 198970?
False
Does 427 divide 1545313?
True
Is 7 a factor of 49762?
False
Is 430954 a multiple of 151?
True
Is 7644560 a multiple of 680?
True
Is 5312 a multiple of 30?
False
Is 2129 a multiple of 36?
False
Does 776 divide 2262158?
False
Does 272 divide 110432?
True
Is 231 a factor of 18711?
True
Does 62 divide 10508739?
False
Is 2014 a multiple of 5?
False
Does 173 divide 2485837?
True
Is 187935 a multiple of 96?
False
Is 28 a factor of 5422648?
True
Is 6 a factor of 59856?
True
Is 4 a factor of 4277620?
True
Is 701 a factor of 9937376?
True
Is 120 a factor of 1056525?
False
Is 2334726 a multiple of 532?
False
Is 16 a factor of 1165241?
False
Does 21 divide 273756?
True
Is 30 a factor of 591720?
True
Does 597 divide 57909?
True
Is 21 a factor of 2960456?
False
Does 9 divide 5112?
True
Does 81 divide 793538?
False
Is 4084503 a multiple of 125?
False
Is 10 a factor of 13699618?
False
Does 525 divide 9719524?
False
Is 146084 a multiple of 125?
False
Is 2837956 a multiple of 22?
True
Does 22 divide 22283?
False
Does 113 divide 9304606?
False
Does 19 divide 215045?
False
Is 70 a factor of 323260?
True
Is 12 a factor of 231781?
False
Is 2030805 a multiple of 5?
True
Is 165996 a multiple of 12?
True
Is 6 a factor of 372900?
True
Is 922688 a multiple of 13?
True
Is 880765 a multiple of 866?
False
Does 22 divide 499070?
True
Does 27 divide 32589?
True
Does 36 divide 67201?
False
Is 54314 a multiple of 13?
True
Is 12 a factor of 93140?
False
Does 2213 divide 6238174?
False
Is 299143 a multiple of 248?
False
Is 120 a factor of 335327?
False
Is 162093 a multiple of 3?
True
Is 795 a factor of 843495?
True
Is 37 a factor of 4299732?
False
Does 98 divide 39347?
False
Is 5 a factor of 89?
False
Is 460 a factor of 3286240?
True
Does 20 divide 96030?
False
Is 4217540 a multiple of 45?
False
Is 88864 a multiple of 32?
True
Is 52 a factor of 4212156?
True
Is 15468828 a multiple of 12?
True
Is 6 a factor of 167893?
False
Is 86 a factor of 2941544?
True
Is 15853 a multiple of 83?
True
Is 57 a factor of 6868961?
False
Is 455544 a multiple of 18?
True
Is 458839 a multiple of 139?
True
Is 52 a factor of 20191?
False
Does 12 divide 457799?
False
Is 36 a factor of 65857?
False
Does 480 divide 8886240?
True
Does 29 divide 330252?
True
Is 1352100 a multiple of 100?
True
Is 14 a factor of 96460?
True
Does 42 divide 10213938?
True
Is 80 a factor of 89843?
False
Is 43 a factor of 1281830?
True
Is 25 a factor of 5628325?
True
Does 29 divide 68353?
True
Is 54731 a multiple of 2?
False
Is 625 a factor of 1134375?
True
Does 67 divide 4782326?
True
Does 946 divide 6885912?
False
Is 2 a factor of 647246?
True
Does 23 divide 185515?
False
Does 57 divide 1209014?
False
Does 70 divide 106610?
True
Is 2 a factor of 58653?
False
Is 95 a factor of 8835?
True
Is 10259620 a multiple of 1102?
True
Does 45 divide 1305?
True
Is 6278866 a multiple of 1837?
True
Is 796796 a multiple of 182?
True
Is 21 a factor of 845?
False
Is 167457 a multiple of 9?
False
Is 82 a factor of 7544?
True
Does 84 divide 4593120?
True
Is 2451600 a multiple of 45?
True
Is 318 a factor of 8070522?
True
Is 26 a factor of 351416?
True
Is 151980 a multiple of 7?
False
Does 14 divide 1749691?
False
Is 32 a factor of 112246?
False
Is 4152320 a multiple of 256?
True
Is 839444 a multiple of 87?
False
Is 1153422 a multiple of 56?
False
Is 4 a factor of 500894?
False
Is 37 a factor of 1258?
True
Is 2641128 a multiple of 647?
False
Is 70 a factor of 571258?
False
Does 10 divide 171172?
False
Is 104 a factor of 2287168?
True
Is 1063248 a multiple of 470?
False
Is 215492 a multiple of 57?
False
Is 8 a factor of 168030?
False
Is 25 a factor of 536879?
False
Is 44 a factor of 15523156?
True
Does 915 divide 55815?
True
Does 19 divide 505355?
False
Does 5 divide 240675?
True
Is 2744490 a multiple of 21?
True
Is 111800 a multiple of 86?
True
Is 170170 a multiple of 17?
True
Does 1019 divide 1926929?
True
Is 50204 a multiple of 7?
True
Is 66 a factor of 49971?
False
Does 40 divide 95382?
False
Is 27 a factor of 97497?
True
Is 726 a multiple of 5?
False
Is 4868 a multiple of 5?
False
Is 349 a factor of 9422651?
True
Does 49 divide 2542855?
True
Does 13 divide 1625641?
False
Is 1942912 a multiple of 172?
True
Does 498 divide 1546538?
False
Is 48 a factor of 175008?
True
Is 138337 a multiple of 123?
False
Does 4 divide 7224?
True
Is 458596 a multiple of 31?
False
Is 6 a factor of 2778148?
False
Is 258526 even?
True
Does 2 divide 32818?
True
Is 2070552 a multiple of 46?
True
Is 5 a factor of 1163202?
False
Does 22 divide 1055714?
True
Does 25 divide 202658?
False
Does 60 divide 1262820?
True
Does 9 divide 382041?
True
Is 23 a factor of 30062?
False
Is 164806 a multiple of 355?
False
Is 701890 a multiple of 35?
True
Is 34 a factor of 712690?
False
Does 370 divide 1576820?
False
Is 1347540 a multiple of 17?
False
Does 2 divide 30691?
False
Does 7 divide 93590?
True
Is 946971 a multiple of 970?
False
Is 349537 a multiple of 17?
True
Is 8 a factor of 11944960?
True
Does 5 divide 90195?
True
Is 225 a factor of 129551?
False
Is 20 a factor of 130040?
True
Does 497 divide 3157938?
True
Is 5962544 a multiple of 766?
True
Is 325 a factor of 170402?
False
Does 29 divide 2933575?
False
Does 17 divide 313864?
False
Is 424192 a multiple of 28?
False
Is 249270 a multiple of 7?
True
Is 1561219 a multiple of 781?
True
Does 50 divide 1469396?
False
Is 95260 a multiple of 44?
True
Does 105 divide 427140?
True
Is 16 a factor of 85648?
True
Does 389 divide 4921645?
False
Is 769662 a multiple of 54?
True
Is 103 a factor of 38284?
False
Is 121 a factor of 69333?
True
Is 3346169 a multiple of 337?
False
Is 3987736 a multiple of 319?
False
Does 48 divide 438429?
False
Is 8 a factor of 212176?
True
Is 2299255 a multiple of 895?
True
Is 5 a factor of 44605?
True
Is 6 a factor of 6587580?
True
Is 4 a factor of 1162378?
False
Is 297947 a multiple of 43?
True
Is 14 a factor of 121030?
True
Is 2147458 a multiple of 7?
False
Is 31 a factor of 309467?
False
Is 128 a factor of 36193?
False
Is 854490 a multiple of 70?
True
Does 49 divide 800954?
True
Is 10 a factor of 614802?
False
Is 43 a factor of 5003695?
True
Does 259 divide 1303029?
True
Is 19 a factor of 370819?
False
Does 40 divide 25640?
True
Is 611156 a multiple of 100?
False
Does 51 divide 12806?
False
Is 248080 a multiple of 112?
True
Does 486 divide 6923070?
True
Is 3350149 a multiple of 12?
False
Is 23 a factor of 219719?
True
Is 8 a factor of 119776?
True
Is 112 a factor of 11822272?
True
Does 99 divide 1693?
False
Does 338 divide 644904?
True
Is 108 a factor of 430682?
False
Is 27 a factor of 1718145?
True
Is 105777 a multiple of 5?
False
Is 62 a factor of 622108?
True
Is 1493037 a multiple of 61?
False
Does 95 divide 786505?
True
Is 101931 a multiple of 183?
True
Is 58443 a multiple of 77?
True
Is 44 a factor of 173580?
True
Is 286110 a multiple of 55?
True
Is 118075 a multiple of 10?
False
Is 52 a factor of 308516?
True
Does 11 divide 1043452?
False
Does 409 divide 535381?
True
Does 6 divide 2290272?
True
Is 23 a factor of 1213660?
False
Is 48165 a multiple of 9?
False
Is 102 a factor of 1101939?
False
Is 845 even?
False
Is 368653 a multiple of 13?
False
Is 45 a factor of 175151?
False
Is 30 a factor of 2400240?
True
Is 336413 a multiple of 119?
True
Is 31 a factor of 10766951?
True
Is 4313 a multiple of 5?
False
Is 3180492 a multiple of 21?
True
Is 14731362 a multiple of 54?
True
Does 7 divide 117249?
False
Does 14 divide 3101615?
False
Does 272 divide 1608980?
False
Is 256178 a multiple of 13?
True
Is 52 a factor of 2879500?
True
Is 100570 a multiple of 445?
True
Is 30514 a multiple of 146?
True
Is 71 a factor of 251624?
True
Does 45 divide 654660?
True
Is 3 a factor of 775983?
True
Is 33 a factor of 65798?
False
Does 51 divide 31854?
False
Is 10 a factor of 11410?
True
Does 12 divide 220907?
False
Does 1217 divide 13298159?
True
Is 84904 a multiple of 156?
False
Does 49 divide 23255?
False
Is 286473 a multiple of 483?
False
Is 16 a factor of 4602?
False
Is 1596 a multiple of 28?
True
Does 1232 divide 6246240?
True
Is 712055 a multiple of 2